{"id":1516,"date":"2023-05-25T20:03:07","date_gmt":"2023-05-25T20:03:07","guid":{"rendered":"https:\/\/demothemedh.b-cdn.net\/marco-good\/?page_id=1298"},"modified":"2026-04-01T18:30:44","modified_gmt":"2026-04-01T16:30:44","slug":"contact-2","status":"publish","type":"page","link":"https:\/\/famous-street.com\/?page_id=1516","title":{"rendered":"Contact"},"content":{"rendered":"\t\t<div data-elementor-type=\"wp-page\" data-elementor-id=\"1516\" class=\"elementor elementor-1516\">\n\t\t\t\t<div class=\"elementor-element elementor-element-f1e4ecc e-flex e-con-boxed e-con e-parent\" data-id=\"f1e4ecc\" data-element_type=\"container\" data-e-type=\"container\">\n\t\t\t\t\t<div class=\"e-con-inner\">\n\t\t<div class=\"elementor-element elementor-element-3ab4471 e-con-full e-flex e-con e-child\" data-id=\"3ab4471\" data-element_type=\"container\" data-e-type=\"container\">\n\t\t\t\t<div class=\"elementor-element elementor-element-27cae13 elementor-widget elementor-widget-heading\" data-id=\"27cae13\" data-element_type=\"widget\" data-e-type=\"widget\" data-widget_type=\"heading.default\">\n\t\t\t\t<div class=\"elementor-widget-container\">\n\t\t\t\t\t<span class=\"elementor-heading-title elementor-size-default\">Prendre contact<\/span>\t\t\t\t<\/div>\n\t\t\t\t<\/div>\n\t\t\t\t<div class=\"elementor-element elementor-element-c13707f elementor-widget elementor-widget-heading\" data-id=\"c13707f\" data-element_type=\"widget\" data-e-type=\"widget\" data-widget_type=\"heading.default\">\n\t\t\t\t<div class=\"elementor-widget-container\">\n\t\t\t\t\t<h2 class=\"elementor-heading-title elementor-size-default\">Vous avez des questions ? <br>Vous trouverez ici toutes les r\u00e9ponses \u00e0 vos questions<\/h2>\t\t\t\t<\/div>\n\t\t\t\t<\/div>\n\t\t\t\t<div class=\"elementor-element elementor-element-f5d927e elementor-widget elementor-widget-heading\" data-id=\"f5d927e\" data-element_type=\"widget\" data-e-type=\"widget\" data-widget_type=\"heading.default\">\n\t\t\t\t<div class=\"elementor-widget-container\">\n\t\t\t\t\t<p class=\"elementor-heading-title elementor-size-default\">Nous sommes \u00e0 votre disposition 7 jours sur 7 !<\/p>\t\t\t\t<\/div>\n\t\t\t\t<\/div>\n\t\t\t\t<div class=\"elementor-element elementor-element-f6e8c5d elementor-widget-divider--view-line elementor-widget elementor-widget-divider\" data-id=\"f6e8c5d\" data-element_type=\"widget\" data-e-type=\"widget\" data-widget_type=\"divider.default\">\n\t\t\t\t<div class=\"elementor-widget-container\">\n\t\t\t\t\t\t\t<div class=\"elementor-divider\">\n\t\t\t<span class=\"elementor-divider-separator\">\n\t\t\t\t\t\t<\/span>\n\t\t<\/div>\n\t\t\t\t\t\t<\/div>\n\t\t\t\t<\/div>\n\t\t\t\t<div class=\"elementor-element elementor-element-948eac3 elementor-widget elementor-widget-text-editor\" data-id=\"948eac3\" data-element_type=\"widget\" data-e-type=\"widget\" data-widget_type=\"text-editor.default\">\n\t\t\t\t<div class=\"elementor-widget-container\">\n\t\t\t\t\t\t\t\t\t<p>Lundi &#8211; Jeudi<br \/>11h30\u201315h00, 19h00\u201323h00<\/p><p>Samedi\u00a0<br \/>11h30\u201315h00, 19h00-23h00<\/p><p>Vendredi &amp; Dimanche\u00a0<br \/>19h00\u201323h00<\/p>\t\t\t\t\t\t\t\t<\/div>\n\t\t\t\t<\/div>\n\t\t\t\t<div class=\"elementor-element elementor-element-8b04932 elementor-widget-divider--view-line elementor-widget elementor-widget-divider\" data-id=\"8b04932\" data-element_type=\"widget\" data-e-type=\"widget\" data-widget_type=\"divider.default\">\n\t\t\t\t<div class=\"elementor-widget-container\">\n\t\t\t\t\t\t\t<div class=\"elementor-divider\">\n\t\t\t<span class=\"elementor-divider-separator\">\n\t\t\t\t\t\t<\/span>\n\t\t<\/div>\n\t\t\t\t\t\t<\/div>\n\t\t\t\t<\/div>\n\t\t\t\t<div class=\"elementor-element elementor-element-da6f279 elementor-widget elementor-widget-heading\" data-id=\"da6f279\" data-element_type=\"widget\" data-e-type=\"widget\" data-widget_type=\"heading.default\">\n\t\t\t\t<div class=\"elementor-widget-container\">\n\t\t\t\t\t<h4 class=\"elementor-heading-title elementor-size-default\">32 Chau. de l'H\u00f4tel de ville, 59650 Villeneuve-d'Ascq<\/h4>\t\t\t\t<\/div>\n\t\t\t\t<\/div>\n\t\t\t\t<div class=\"elementor-element elementor-element-9849d2d elementor-widget elementor-widget-heading\" data-id=\"9849d2d\" data-element_type=\"widget\" data-e-type=\"widget\" data-widget_type=\"heading.default\">\n\t\t\t\t<div class=\"elementor-widget-container\">\n\t\t\t\t\t<h4 class=\"elementor-heading-title elementor-size-default\"><a href=\"tel:09%2050%2004%2008%2000\">09 50 04 08 00<\/a><\/h4>\t\t\t\t<\/div>\n\t\t\t\t<\/div>\n\t\t\t\t<div class=\"elementor-element elementor-element-e0a52a1 e-grid-align-left elementor-shape-rounded elementor-grid-0 elementor-widget elementor-widget-social-icons\" data-id=\"e0a52a1\" data-element_type=\"widget\" data-e-type=\"widget\" data-widget_type=\"social-icons.default\">\n\t\t\t\t<div class=\"elementor-widget-container\">\n\t\t\t\t\t\t\t<div class=\"elementor-social-icons-wrapper elementor-grid\" role=\"list\">\n\t\t\t\t\t\t\t<span class=\"elementor-grid-item\" role=\"listitem\">\n\t\t\t\t\t<a class=\"elementor-icon elementor-social-icon elementor-social-icon-snapchat elementor-repeater-item-9e50fdb\" href=\"https:\/\/snapchat.com\/t\/Af6LqMt0\" target=\"_blank\">\n\t\t\t\t\t\t<span class=\"elementor-screen-only\">Snapchat<\/span>\n\t\t\t\t\t\t<i aria-hidden=\"true\" class=\"fab fa-snapchat\"><\/i>\t\t\t\t\t<\/a>\n\t\t\t\t<\/span>\n\t\t\t\t\t\t\t<span class=\"elementor-grid-item\" role=\"listitem\">\n\t\t\t\t\t<a class=\"elementor-icon elementor-social-icon elementor-social-icon-instagram elementor-repeater-item-a41ec29\" href=\"https:\/\/www.instagram.com\/famousstreetvda\/\" target=\"_blank\">\n\t\t\t\t\t\t<span class=\"elementor-screen-only\">Instagram<\/span>\n\t\t\t\t\t\t<i aria-hidden=\"true\" class=\"fab fa-instagram\"><\/i>\t\t\t\t\t<\/a>\n\t\t\t\t<\/span>\n\t\t\t\t\t\t\t<span class=\"elementor-grid-item\" role=\"listitem\">\n\t\t\t\t\t<a class=\"elementor-icon elementor-social-icon elementor-social-icon-tiktok elementor-repeater-item-ef04e2b\" href=\"https:\/\/www.tiktok.com\/@famousstreetvda?is_from_webapp=1&#038;sender_device=pc\" target=\"_blank\">\n\t\t\t\t\t\t<span class=\"elementor-screen-only\">Tiktok<\/span>\n\t\t\t\t\t\t<i aria-hidden=\"true\" class=\"fab fa-tiktok\"><\/i>\t\t\t\t\t<\/a>\n\t\t\t\t<\/span>\n\t\t\t\t\t<\/div>\n\t\t\t\t\t\t<\/div>\n\t\t\t\t<\/div>\n\t\t\t\t<\/div>\n\t\t<div class=\"elementor-element elementor-element-48ed9d0 e-con-full e-flex e-con e-child\" data-id=\"48ed9d0\" data-element_type=\"container\" data-e-type=\"container\">\n\t\t\t\t<div class=\"elementor-element elementor-element-b740f3e elementor-widget elementor-widget-google_maps\" data-id=\"b740f3e\" data-element_type=\"widget\" data-e-type=\"widget\" data-widget_type=\"google_maps.default\">\n\t\t\t\t<div class=\"elementor-widget-container\">\n\t\t\t\t\t\t\t<div class=\"elementor-custom-embed\">\n\t\t\t<iframe loading=\"lazy\"\n\t\t\t\t\tsrc=\"https:\/\/maps.google.com\/maps?q=32%20Chau.%20de%20l%27H%C3%B4tel%20de%20ville%2C%2059650%20Villeneuve-d%27Ascq&#038;t=m&#038;z=14&#038;output=embed&#038;iwloc=near\"\n\t\t\t\t\ttitle=\"32 Chau. de l&#039;H\u00f4tel de ville, 59650 Villeneuve-d&#039;Ascq\"\n\t\t\t\t\taria-label=\"32 Chau. de l&#039;H\u00f4tel de ville, 59650 Villeneuve-d&#039;Ascq\"\n\t\t\t><\/iframe>\n\t\t<\/div>\n\t\t\t\t\t\t<\/div>\n\t\t\t\t<\/div>\n\t\t\t\t<\/div>\n\t\t\t\t\t<\/div>\n\t\t\t\t<\/div>\n\t\t\t\t<\/div>\n\t\t","protected":false},"excerpt":{"rendered":"<p>Prendre contact Vous avez des questions ? Vous trouverez ici toutes les r\u00e9ponses \u00e0 vos questions Nous sommes \u00e0 votre disposition 7 jours sur 7 ! Lundi &#8211; Jeudi11h30\u201315h00, 19h00\u201323h00 Samedi\u00a011h30\u201315h00, 19h00-23h00 Vendredi &amp; Dimanche\u00a019h00\u201323h00 32 Chau. de l&rsquo;H\u00f4tel de ville, 59650 Villeneuve-d&rsquo;Ascq 09 50 04 08 00 Snapchat Instagram Tiktok<\/p>\n","protected":false},"author":1,"featured_media":0,"parent":0,"menu_order":0,"comment_status":"closed","ping_status":"closed","template":"elementor_header_footer","meta":{"footnotes":""},"class_list":["post-1516","page","type-page","status-publish","hentry"],"yoast_head":"<!-- This site is optimized with the Yoast SEO plugin v27.4 - https:\/\/yoast.com\/product\/yoast-seo-wordpress\/ -->\n<title>Contact - Famous Street<\/title>\n<meta name=\"robots\" content=\"index, follow, max-snippet:-1, max-image-preview:large, max-video-preview:-1\" \/>\n<link rel=\"canonical\" href=\"https:\/\/famous-street.com\/?page_id=1516\" \/>\n<meta property=\"og:locale\" content=\"fr_FR\" \/>\n<meta property=\"og:type\" content=\"article\" \/>\n<meta property=\"og:title\" content=\"Contact - Famous Street\" \/>\n<meta property=\"og:description\" content=\"Prendre contact Vous avez des questions ? Vous trouverez ici toutes les r\u00e9ponses \u00e0 vos questions Nous sommes \u00e0 votre disposition 7 jours sur 7 ! Lundi &#8211; Jeudi11h30\u201315h00, 19h00\u201323h00 Samedi\u00a011h30\u201315h00, 19h00-23h00 Vendredi &amp; Dimanche\u00a019h00\u201323h00 32 Chau. de l&rsquo;H\u00f4tel de ville, 59650 Villeneuve-d&rsquo;Ascq 09 50 04 08 00 Snapchat Instagram Tiktok\" \/>\n<meta property=\"og:url\" content=\"https:\/\/famous-street.com\/?page_id=1516\" \/>\n<meta property=\"og:site_name\" content=\"Famous Street\" \/>\n<meta property=\"article:modified_time\" content=\"2026-04-01T16:30:44+00:00\" \/>\n<meta name=\"twitter:card\" content=\"summary_large_image\" \/>\n<meta name=\"twitter:label1\" content=\"Dur\u00e9e de lecture estim\u00e9e\" \/>\n\t<meta name=\"twitter:data1\" content=\"1 minute\" \/>\n<script type=\"application\/ld+json\" class=\"yoast-schema-graph\">{\"@context\":\"https:\\\/\\\/schema.org\",\"@graph\":[{\"@type\":\"WebPage\",\"@id\":\"https:\\\/\\\/famous-street.com\\\/?page_id=1516\",\"url\":\"https:\\\/\\\/famous-street.com\\\/?page_id=1516\",\"name\":\"Contact - Famous Street\",\"isPartOf\":{\"@id\":\"https:\\\/\\\/famous-street.com\\\/#website\"},\"datePublished\":\"2023-05-25T20:03:07+00:00\",\"dateModified\":\"2026-04-01T16:30:44+00:00\",\"breadcrumb\":{\"@id\":\"https:\\\/\\\/famous-street.com\\\/?page_id=1516#breadcrumb\"},\"inLanguage\":\"fr-FR\",\"potentialAction\":[{\"@type\":\"ReadAction\",\"target\":[\"https:\\\/\\\/famous-street.com\\\/?page_id=1516\"]}]},{\"@type\":\"BreadcrumbList\",\"@id\":\"https:\\\/\\\/famous-street.com\\\/?page_id=1516#breadcrumb\",\"itemListElement\":[{\"@type\":\"ListItem\",\"position\":1,\"name\":\"Accueil\",\"item\":\"https:\\\/\\\/famous-street.com\\\/\"},{\"@type\":\"ListItem\",\"position\":2,\"name\":\"Contact\"}]},{\"@type\":\"WebSite\",\"@id\":\"https:\\\/\\\/famous-street.com\\\/#website\",\"url\":\"https:\\\/\\\/famous-street.com\\\/\",\"name\":\"Famous Street\",\"description\":\"Comment \u00e7a tu connais pas Famous Street ?\",\"potentialAction\":[{\"@type\":\"SearchAction\",\"target\":{\"@type\":\"EntryPoint\",\"urlTemplate\":\"https:\\\/\\\/famous-street.com\\\/?s={search_term_string}\"},\"query-input\":{\"@type\":\"PropertyValueSpecification\",\"valueRequired\":true,\"valueName\":\"search_term_string\"}}],\"inLanguage\":\"fr-FR\"}]}<\/script>\n<!-- \/ Yoast SEO plugin. -->","yoast_head_json":{"title":"Contact - Famous Street","robots":{"index":"index","follow":"follow","max-snippet":"max-snippet:-1","max-image-preview":"max-image-preview:large","max-video-preview":"max-video-preview:-1"},"canonical":"https:\/\/famous-street.com\/?page_id=1516","og_locale":"fr_FR","og_type":"article","og_title":"Contact - Famous Street","og_description":"Prendre contact Vous avez des questions ? Vous trouverez ici toutes les r\u00e9ponses \u00e0 vos questions Nous sommes \u00e0 votre disposition 7 jours sur 7 ! Lundi &#8211; Jeudi11h30\u201315h00, 19h00\u201323h00 Samedi\u00a011h30\u201315h00, 19h00-23h00 Vendredi &amp; Dimanche\u00a019h00\u201323h00 32 Chau. de l&rsquo;H\u00f4tel de ville, 59650 Villeneuve-d&rsquo;Ascq 09 50 04 08 00 Snapchat Instagram Tiktok","og_url":"https:\/\/famous-street.com\/?page_id=1516","og_site_name":"Famous Street","article_modified_time":"2026-04-01T16:30:44+00:00","twitter_card":"summary_large_image","twitter_misc":{"Dur\u00e9e de lecture estim\u00e9e":"1 minute"},"schema":{"@context":"https:\/\/schema.org","@graph":[{"@type":"WebPage","@id":"https:\/\/famous-street.com\/?page_id=1516","url":"https:\/\/famous-street.com\/?page_id=1516","name":"Contact - Famous Street","isPartOf":{"@id":"https:\/\/famous-street.com\/#website"},"datePublished":"2023-05-25T20:03:07+00:00","dateModified":"2026-04-01T16:30:44+00:00","breadcrumb":{"@id":"https:\/\/famous-street.com\/?page_id=1516#breadcrumb"},"inLanguage":"fr-FR","potentialAction":[{"@type":"ReadAction","target":["https:\/\/famous-street.com\/?page_id=1516"]}]},{"@type":"BreadcrumbList","@id":"https:\/\/famous-street.com\/?page_id=1516#breadcrumb","itemListElement":[{"@type":"ListItem","position":1,"name":"Accueil","item":"https:\/\/famous-street.com\/"},{"@type":"ListItem","position":2,"name":"Contact"}]},{"@type":"WebSite","@id":"https:\/\/famous-street.com\/#website","url":"https:\/\/famous-street.com\/","name":"Famous Street","description":"Comment \u00e7a tu connais pas Famous Street ?","potentialAction":[{"@type":"SearchAction","target":{"@type":"EntryPoint","urlTemplate":"https:\/\/famous-street.com\/?s={search_term_string}"},"query-input":{"@type":"PropertyValueSpecification","valueRequired":true,"valueName":"search_term_string"}}],"inLanguage":"fr-FR"}]}},"jetpack_sharing_enabled":true,"_links":{"self":[{"href":"https:\/\/famous-street.com\/index.php?rest_route=\/wp\/v2\/pages\/1516","targetHints":{"allow":["GET"]}}],"collection":[{"href":"https:\/\/famous-street.com\/index.php?rest_route=\/wp\/v2\/pages"}],"about":[{"href":"https:\/\/famous-street.com\/index.php?rest_route=\/wp\/v2\/types\/page"}],"author":[{"embeddable":true,"href":"https:\/\/famous-street.com\/index.php?rest_route=\/wp\/v2\/users\/1"}],"replies":[{"embeddable":true,"href":"https:\/\/famous-street.com\/index.php?rest_route=%2Fwp%2Fv2%2Fcomments&post=1516"}],"version-history":[{"count":39,"href":"https:\/\/famous-street.com\/index.php?rest_route=\/wp\/v2\/pages\/1516\/revisions"}],"predecessor-version":[{"id":3182,"href":"https:\/\/famous-street.com\/index.php?rest_route=\/wp\/v2\/pages\/1516\/revisions\/3182"}],"wp:attachment":[{"href":"https:\/\/famous-street.com\/index.php?rest_route=%2Fwp%2Fv2%2Fmedia&parent=1516"}],"curies":[{"name":"wp","href":"https:\/\/api.w.org\/{rel}","templated":true}]}}